1 - 7*i**2 + i**3 + i + 0. Let l be r(7). Calculate the highest common divisor of 12 and l.
4
Suppose 3*p - 2*p = 0. Suppose 4*r = -p + 64. Calculate the highest common factor of 4 and r.
4
Suppose 10*d + 752 = 14*d. Calculate the greatest common divisor of 47 and d.
47
Suppose 67*v - 130 = 62*v. What is the highest common factor of 104 and v?
26
Suppose -2065 + 9885 = 5*x. Suppose -x = -2*c - 604. Suppose -c = o - 5*o. What is the highest common factor of o and 12?
12
Suppose -2*i = -4*d - 6*i + 56, 5*d - 62 = 3*i. Calculate the greatest common factor of d and 39.
13
Let g = 92 + -87. Calculate the greatest common factor of 55 and g.
5
Let c = 0 + 5. Suppose c*q - 225 = h, 5*q = 6*q - 3*h - 59. Calculate the highest common factor of 22 and q.
22
Let z = 3 + 34. Let b = z - -47. Calculate the highest common factor of 12 and b.
12
Let n(t) = -21*t**3 - 3*t - 2. Let m be n(-1). Calculate the highest common divisor of 22 and m.
22
Let p = -4 - -36. What is the greatest common divisor of p and 40?
8
Let z = 143 + -77. Calculate the highest common divisor of z and 22.
22
Suppose -39 = f - 4*f. Calculate the highest common factor of f and 65.
13
Let w(u) = 6*u + 2. Let t be w(6). Let g(j) = j**3 - j + 95. Let b be g(0). What is the greatest common divisor of t and b?
19
Let s be (8/(-6))/((-4)/66). Suppose 0 = 2*c + 8, -2*c = -0*u - 5*u - s. Let z be 15/(-10)*80/u. Calculate the highest common factor of 5 and z.
5
Suppose -6*x + 259 = 7. Let q(k) = k. Let w be q(4). Suppose -4*l + 2*u - 78 = -7*l, 0 = l + w*u - 16. Calculate the greatest common divisor of x and l.
14
Let i(l) = 24*l - 4. Let q be i(6). Let w(u) = -27*u**3 + 3*u**2 + 3*u + 1. Let p be w(-1). What is the highest common divisor of q and p?
28
Suppose -4 = -5*a + 126. Suppose -4*b + 156 - 52 = 4*h, -h - 2*b + a = 0. What is the greatest common divisor of 65 and h?
13
Let f(p) = -8*p - 2. Let h be f(-4). What is the greatest common divisor of h and 12?
6
Suppose 0 = 3*k + 2*x + 25, -4*k + 0*k - 45 = 5*x. Let b = 11 + k. Calculate the highest common factor of 42 and b.
6
Let g be 3 + -6 - (-6 - 4). Calculate the highest common divisor of 49 and g.
7
Let s = -61 + 40. Let i be ((-7)/s)/((-2)/(-12)). What is the greatest common divisor of 4 and i?
2
Let g be (0 - 1) + 24/4. Suppose -12 = -g*p + 3. Calculate the greatest common divisor of 27 and p.
3
Suppose d - 5 = -3. Suppose -g = -0*g - d. What is the greatest common factor of g and 22?
2
Let g be (2/(-3))/((-1)/24). Let a = g + 0. Suppose 0 = 3*y - 20 - a. Calculate the greatest common factor of y and 84.
12
Let b = -143 + 152. Calculate the highest common factor of b and 171.
9
Let j be (10/6)/((-3)/(-9)). Suppose y = 6*y. Suppose 3*z + 0*z - 135 = y. Calculate the highest common factor of j and z.
5
Let d be ((-30)/(-9))/(14/315). What is the greatest common divisor of 15 and d?
15
Let s be (5*2)/((-2)/2). Let b(d) = 2*d**2 - 4*d - 8. Let x be b(6). Let h be (4/s)/((-4)/x). What is the greatest common factor of h and 28?
4
Let k be (78/4)/((-2)/(-4)). Let b(t) = -t - 2. Let m be b(5). Let n = m + 20. Calculate the highest common divisor of k and n.
13
Suppose 5*i + 2*l = 22, -5*l - 22 = -2*i + 10. What is the highest common divisor of 42 and i?
6
Suppose f = 1 - 3. Let t be 35 + (f - (1 + -4)). Let y = t + -24. Calculate the greatest common factor of y and 48.
12
Suppose 0 = a + 1, -3*g = 3*a - 62 - 67. Let m be ((-32)/(-12) + 1)*3. What is the highest common divisor of g and m?
11
Suppose -4 = -2*z + 4. Calculate the greatest common divisor of z and 36.
4
Suppose -3*z = -w + 17, -z + 2 = 3. Let k = 24 - w. What is the greatest common divisor of 4 and k?
2
Let b = 71 + -56. Calculate the greatest common factor of b and 165.
15
Let d be 21 + (1 + (-10)/4)*2. What is the highest common factor of 18 and d?
18
Let c = -14 - -24. What is the highest common divisor of c and 25?
5
Let q(u) = -7*u + 4. Let s be q(-7). Let h be 2/(s/(-27) - -2). Suppose 0 = -x - 2*x + 18. Calculate the greatest common divisor of h and x.
6
Let m(g) = -g**2 + 15*g + 7. Let l be m(15). Suppose -l*o + 18 = -o. What is the greatest common divisor of o and 9?
3
Let g = 43 + -13. Suppose 0*d + 3*d = 18. Calculate the greatest common factor of g and d.
6
Suppose -2*t + 7 = -49. Calculate the highest common factor of 70 and t.
14
Let g(h) = -h**2 - h + 5. Let d be g(0). Suppose d*j = 21 + 4. Calculate the greatest common factor of 15 and j.
5
Suppose 3*u = 3 + 6. Let b = -3 - 2. Let f(d) = -7*d - 2. Let j be f(b). What is the greatest common factor of j and u?
3
Let z(d) = d**3 - 9*d**2 + 9*d - 8. Let i be z(8). Suppose -4*f + i*f = -40. Calculate the highest common divisor of 110 and f.
10
Suppose r - 2*r = -d - 1, 5*r - 8 = 4*d. Suppose 5*n - 23 = -d. Suppose -4*k = k - w - 316, -k = -n*w - 67. Calculate the greatest common divisor of k and 7.
7
Suppose -2 = p, -l - 4*l + 2 = 4*p. Suppose 0*b = -l*b + 88. Let t = -30 + b. What is the highest common factor of t and 70?
14
Let q be 66/(-2)*(-5 + -4) - 0. What is the greatest common factor of 27 and q?
27
Suppose n + 1 = 8. Suppose 5*j = 3*s - 7 + 3, n = 3*s - 2*j. Suppose 5*h = 3*u + 12, 11 = 4*h - 4*u + s. Calculate the highest common divisor of 21 and h.
3
Let z(h) = h - 6. Let s be z(6). Suppose -v = -s - 9. What is the greatest common divisor of 1 and v?
1
Suppose 4*w - 1 - 3 = 0. Let r be -3 + w - -1*4. Suppose -2 - 10 = -r*u. What is the highest common divisor of u and 3?
3
Let l(w) = 3*w + 25. Let p be l(-4). Calculate the highest common factor of 65 and p.
13
Suppose 2*c + c = -18. Let k be 37 - 5/((-15)/c). What is the highest common divisor of k and 5?
5
Let d = -10 + 20. Suppose 4*r = -5*m + 24, 3*r + d = 3*m + r. What is the highest common factor of m and 28?
4
Let c(f) = 4*f + 2. Let v(j) = j + 4. Let k be v(0). Let a be c(k). Let h = 25 + 20. What is the highest common factor of h and a?
9
Suppose 5*x - 24 = 2*x. Calculate the highest common divisor of x and 8.
8
Let z(x) = 2*x**2 + 1. Let u be z(-1). Suppose -u*n + 69 = -81. Suppose -5*m = -175 - n. What is the highest common factor of 9 and m?
9
Suppose 2*g - 7 = g. Let t be 58 - (-7 + 1 + -7 + 8). Calculate the highest common factor of t and g.
7
Let l = 6 - 7. Let j be (4 - 3)*l*-12. Calculate the highest common divisor of 12 and j.
12
Let v(k) = -k**3 + 7*k**2 + 9*k + 1. Let t be v(7). Calculate the greatest common factor of 8 and t.
8
Let a be -3 - 11/2*-2. Suppose 5*n - 16 = 3*n. Calculate the greatest common factor of n and a.
8
Let c(y) = -16*y**3 - y**2 - y + 2. Let p be (-3)/6*(5 - 1). Let f be c(p). Calculate the greatest common divisor of 32 and f.
32
Suppose 3*m = -0*m + 429. Let a(c) = 1 - 3 - 1 - 11*c + 3*c. Let d be a(-2). What is the highest common divisor of d and m?
13
Suppose 0 = -37*m + 40*m - 12. Calculate the highest common factor of 44 and m.
4
Suppose -c + 3 + 1 = 0. Let q = -1 + 3. What is the highest common divisor of c and q?
2
Suppose -8 - 4 = -s. Let y = 9 - 2. Suppose 5*n = -0*n + 4*m + y, n - 11 = -4*m. What is the highest common divisor of s and n?
3
Suppose -f + 16 = 3*f. Suppose -f = a, -q - 45 = 4*a - 125. Calculate the highest common factor of 12 and q.
12
Suppose 5*f - 2*f = 3. What is the highest common divisor of 5 and f?
1
Suppose 4*a - 2*a - 2 = 0. Let r be a/(-3) - (-678)/9. What is the highest common divisor of 30 and r?
15
Let a(w) = -3*w**3 - 4*w**2 - 4*w - 3. Let l = 2 + -4. Let z be a(l). What is the highest common divisor of 91 and z?
13
Let v = -40 - -64. Let i(y) = y**3 + 2*y**2 - 2*y - 1. Let x be i(-2). Calculate the greatest common factor of v and x.
3
Let x = -4 - -12. Calculate the highest common factor of 32 and x.
8
Suppose 4*x - 2*d - 2 - 14 = 0, -2*x + 20 = 2*d. Calculate the highest common factor of x and 42.
6
Let a(g) = -2*g + 13. Let s be a(5). What is the highest common divisor of s and 1?
1
Suppose -18*h + 19*h = 15. What is the highest common factor of h and 75?
15
Suppose 4*h - 5*h = -4, -3*h = -4*r + 288. What is the greatest common divisor of r and 50?
25
Suppose 0 = -4*p + p - 3. Let t be 159 + (p - (2 - 1)). Suppose -2*l + t = 17. What is the highest common divisor of 10 and l?
10
Suppose 0 = -5*y + 26 + 14. Let b be (-159)/(-4) - (-8)/32. Calculate the greatest common factor of